9) is divided by 12.
10
Suppose -4*g + 77 = g + 3*f, 0 = 5*g - 2*f - 82. Calculate the remainder when 47 is divided by g.
15
Suppose -2*b + 0*b - 2*w + 26 = 0, 2*w = 3*b - 34. Calculate the remainder when b is divided by 7.
5
Let g be 2/(-6) + (-7)/(-3). Let p be (13/1 - 1) + -2. Let h = p - g. Calculate the remainder when 22 is divided by h.
6
Let t(d) = -d**3 - 2*d**2 + 3*d + 5. Suppose -3*q + 3*b + 36 = 2*b, -4*b + 10 = 2*q. What is the remainder when t(-4) is divided by -2 + 3 - (-1 - q)?
12
Let b(w) = w + 5. Let q(u) = -u**2 + 6*u. Let x be q(6). What is the remainder when 9 is divided by b(x)?
4
Let o be (1 - 2)/((-3)/15). Suppose -y = -5*y - o*u + 63, 5*y + 4*u = 72. What is the remainder when 23 is divided by y?
11
Let c(f) = f**3 + f**2 + 11. What is the remainder when 64 is divided by c(0)?
9
Let x(r) be the first derivative of 1/2*r**2 - r + 4 - 2*r**3 + 1/4*r**4. Calculate the remainder when 13 is divided by x(6).
3
Let y = 4 - 5. Let d be 5*y*12/15. Let w = d + 11. Calculate the remainder when w is divided by 3.
1
Suppose -7*h + 5 = -72. Calculate the remainder when h is divided by 7.
4
Suppose -f + 81 = m + m, 5*f - 2*m - 381 = 0. Let x(r) = 13*r - 19. Calculate the remainder when f is divided by x(3).
17
Let k be 4/6*6*1. Suppose 3*r + 3*c = k*c + 8, 2 = -3*r - 4*c. Suppose 0*m + 22 = r*m. Calculate the remainder when m is divided by 4.
3
Let i(c) = -c**2 + 18*c + 1. Let x(z) = -5*z - 3. What is the remainder when i(13) is divided by x(-4)?
15
Suppose -n + 1 + 9 = -2*x, -2*n + 17 = -x. Let t = 13 + 18. Calculate the remainder when t is divided by n.
7
Suppose -8 = 2*q - 3*q. Suppose -5*o = 2*m - 4*m + 2, -2*m = o - 2. Suppose o = 3*c - 0*c - 66. What is the remainder when c is divided by q?
6
Let h(f) = -28*f - 4. What is the remainder when h(-2) is divided by 15?
7
Let y be 12*(1 + (-33)/(-6)). Suppose 0*i - i - y = 3*k, 2*k = -2*i - 172. Let r = -52 - i. Calculate the remainder when r is divided by 13.
12
Suppose i + 2*i - 5*d - 24 = 0, 3*i - 33 = 2*d. What is the remainder when i is divided by 5?
3
Let x = 9 + 7. Calculate the remainder when 45 is divided by x.
13
Let n(a) = -a**2 + 11*a - 3. Calculate the remainder when 88 is divided by n(4).
13
Suppose 21*o - 3*o - 1134 = 0. What is the remainder when o is divided by 33?
30
Suppose 3*b - b - 103 = -3*q, q + b - 35 = 0. What is the remainder when 96 is divided by q?
30
Let a = -19 - -89. What is the remainder when a is divided by 18?
16
Let k be (6/8)/((-1)/(-20)). Suppose -s + k + 3 = 0. Let z = -8 + 18. What is the remainder when s is divided by z?
8
Let k = 47 + -22. Calculate the remainder when 71 is divided by k.
21
Let u be ((-3)/(-6) - 0)*2. Calculate the remainder when (-23)/(1 + (-1 - u)) is divided by 8.
7
Suppose -4*r + 9 + 7 = 0. Suppose r*f - 140 = -0*f. Calculate the remainder when f is divided by 12.
11
Let b(x) = 3*x**2 + 2*x - 18. Let o(f) = 4*f**2 + 3*f - 18. Let v(m) = -3*b(m) + 2*o(m). What is the remainder when v(0) is divided by 7?
4
Let h(w) = w + 15. What is the remainder when h(-8) is divided by 3/12 + 45/12?
3
Suppose f + b = 5*f - 257, 3*f - 183 = 4*b. Calculate the remainder when f is divided by 17.
14
Suppose -2*y + 7 + 3 = 0. Suppose 4*z = -y*k + 27, -3*k = -z + 6*z - 24. Suppose -h + 12 = z*h. Calculate the remainder when 8 is divided by h.
2
Suppose 0 = 3*d - 3*i - 72, 0 = -2*i + 4 + 2. Let s = -8 + d. Suppose g = 2*g - 2, 3*x + 5*g - s = 0. Calculate the remainder when 9 is divided by x.
0
Let u = 124 - 2. Suppose -u = -2*h - 0*h. Calculate the remainder when h is divided by 21.
19
Let t(f) = f + 5. Calculate the remainder when 24 is divided by t(4).
6
Let p be ((-6)/(-5))/(4/10). Suppose y + p = 0, 2*y + 15 + 36 = 3*b. Suppose -b - 21 = -4*v. Calculate the remainder when 17 is divided by v.
8
Suppose 18*v + 134 = 20*v. Let k be (-348)/(-10) + 2/10. Suppose 2*n - 11 = k. What is the remainder when v is divided by n?
21
Let d(a) = -14*a**2 + 21*a + 29. Let h(p) = -5*p**2 + 7*p + 10. Let r(j) = 6*d(j) - 17*h(j). Calculate the remainder when 87 is divided by r(-9).
21
Let m = 59 + -142. Let d = m - -146. What is the remainder when d is divided by 16?
15
Calculate the remainder when 72 is divided by (-96 - 4)*(-5)/20.
22
What is the remainder when (-1)/(567/(-282) - -2) is divided by 19?
18
Let j = -90 + 133. Suppose -f - 2*n = -0*n - 3, -5*f - 4*n + 39 = 0. What is the remainder when j is divided by f?
10
Suppose -13 = -5*z - 2*m, -6 = -2*z + z + 3*m. Suppose -z*h + 36 = h. Suppose 0 = -2*y - y + h. Calculate the remainder when 5 is divided by y.
2
Let l be 3 + -3 + 2 + 0. Let w be l + -4 - (-6)/(-2). Let h(t) = -2*t. Calculate the remainder when 29 is divided by h(w).
9
Let j(f) = f**3 + 10. What is the remainder when (1 + 1)/2*19 is divided by j(0)?
9
Let d = 13 - 20. Let a(t) = t**2 + 6*t + 13. Calculate the remainder when a(d) is divided by 7.
6
Suppose -22 = -o - 7. What is the remainder when o is divided by 8?
7
Let n be -1 + 3 + 354/3. Suppose 4*d + n = 4*c, -c + 22 = -2*d + 3*d. Calculate the remainder when 76 is divided by c.
24
Let r(j) = 2*j**2 - 4*j - 30. Let y be ((-2)/(-6))/((-2)/(-30)). Let p(f) = 3*f - 5. Calculate the remainder when r(6) is divided by p(y).
8
Let j(w) = w**3 - 6*w**2 - 8*w + 3. Let m be j(7). Let x(p) = -8*p - 3. Calculate the remainder when x(m) is divided by 8.
5
Let c = -3 - -6. Calculate the remainder when 72/15 - (-3)/15 is divided by c.
2
Let a(i) = i**2 - 8*i + 15. Let c = 82 + -53. Calculate the remainder when c is divided by a(8).
14
Suppose -5*y - 11 + 1 = 0. Calculate the remainder when 27 is divided by -2 - (-16 + 1 + y).
12
Let s(j) = -8*j**3 + 2*j**2 - j + 3. Let o(f) = -7*f**3 + 3*f**2 - f + 4. Let y(w) = -3*o(w) + 4*s(w). What is the remainder when 30 is divided by y(-1)?
8
Suppose 31 - 6 = a. Calculate the remainder when 47 is divided by a.
22
Let r be (-4 - -1)/(-3)*-3. Let m(f) = -f**3 - 2*f**2 - 3*f - 4. Suppose -122 = -3*t + 2*u, -2*u - 1 = 1. Calculate the remainder when t is divided by m(r).
12
Suppose 0 = 8*v - 185 - 215. What is the remainder when 248 is divided by v?
48
Suppose -2*t + 7*t = 20. Let n(g) = -1 + g + 2*g + 5*g. Calculate the remainder when n(t) is divided by 16.
15
Suppose 561 = 4*j + 7*j. What is the remainder when j is divided by 18?
15
Suppose -6*b + 858 - 156 = 0. Calculate the remainder when b is divided by 17.
15
Suppose 0 = -o - 25 + 48. Suppose 2*u - 24 = -0*u. Calculate the remainder when o is divided by u.
11
Suppose -3*z = -15, -2*q = -2*z + z - 19. Calculate the remainder when 34 is divided by q.
10
Let t = -17 + 33. What is the remainder when 63 is divided by t?
15
Let i(p) = p**3 - p**2 + 14. Let a(m) = -8 - m + 8 + 8. Calculate the remainder when i(0) is divided by a(0).
6
Suppose -5*q = 2*m - 35, -3*q - 2*m + 12 = -9. What is the remainder when 22 is divided by q?
1
Let b be ((-15)/10)/(3/(-4)). Suppose -b*z = -4*m - 24, m - 5*m = -4. Calculate the remainder when 39 is divided by z.
11
Suppose -5*i - 3*n - n + 63 = 0, 0 = i - 5*n - 30. Calculate the remainder when i is divided by 6.
3
Suppose -5*i + 2*m = -2*m - 104, i = -2*m + 18. Suppose -4*y + 0*y = -i. What is the remainder when y is divided by (-1)/(-2) + (-10)/(-4)?
2
Let k = 301 - 578. Suppose 0*l = -l + 9. What is the remainder when 2/l + k/(-9) is divided by 16?
15
Let g = 4 - -12. Suppose 122 = 4*x - 2*x. Calculate the remainder when x is divided by g.
13
Suppose 6 = 4*b + 2, -2*b = 5*s - 162. Calculate the remainder when s is divided by 9.
5
Let f(l) = -5*l**2 - 40*l - 5. What is the remainder when 80 is divided by f(-7)?
20
Suppose 2*f = -8*f + 280. Calculate the remainder when 167 is divided by f.
27
Let s = 32 + -21. Let k = -6 + 16. Let t(w) = -w**2 + 14*w + 2. What is the remainder when t(k) is divided by s?
9
Let y(k) = k**2. What is the remainder when 61 is divided by y(-4)?
13
Suppose 2*r = 2*v + 30, -18 = -12*r + 11*r + 2*v. Calculate the remainder when 19 is divided by r.
7
Let w(f) = -25*f + 11. Let q be w(-9). Suppose -6*x + 2*x + q = 0. Calculate the remainder when x is divided by 30.
29
Let i = 59 - -2. Calculate the remainder when i is divided by 22.
17
Suppose -3*t + 3*p - 8 = -41, -10 = -2*t - p. Calculate the remainder when t is divided by 4.
3
Let u = 4 - 6. Let l be (4/u 